{"id":4200,"date":"2024-04-17T20:34:25","date_gmt":"2024-04-17T20:34:25","guid":{"rendered":"https:\/\/arsvitrea.pl\/?page_id=4200"},"modified":"2024-05-21T07:07:23","modified_gmt":"2024-05-21T07:07:23","slug":"wpisy-pracownie","status":"publish","type":"page","link":"https:\/\/arsvitrea.pl\/index.php\/wpisy-pracownie\/","title":{"rendered":"Pracownie"},"content":{"rendered":"\t\t<div data-elementor-type=\"wp-page\" data-elementor-id=\"4200\" class=\"elementor elementor-4200\" data-elementor-post-type=\"page\">\n\t\t\t\t<div class=\"elementor-element elementor-element-56769032 e-con-full e-flex e-con e-parent\" data-id=\"56769032\" data-element_type=\"container\" data-e-type=\"container\">\n\t\t\t\t<div class=\"elementor-element elementor-element-60cc4cce elementor-grid-4 elementor-posts__hover-none elementor-grid-tablet-2 elementor-grid-mobile-1 elementor-posts--thumbnail-top elementor-card-shadow-yes elementor-widget elementor-widget-posts\" data-id=\"60cc4cce\" data-element_type=\"widget\" data-e-type=\"widget\" data-settings=\"{&quot;cards_columns&quot;:&quot;4&quot;,&quot;cards_row_gap&quot;:{&quot;unit&quot;:&quot;px&quot;,&quot;size&quot;:7,&quot;sizes&quot;:[]},&quot;cards_columns_tablet&quot;:&quot;2&quot;,&quot;cards_columns_mobile&quot;:&quot;1&quot;,&quot;cards_row_gap_tablet&quot;:{&quot;unit&quot;:&quot;px&quot;,&quot;size&quot;:&quot;&quot;,&quot;sizes&quot;:[]},&quot;cards_row_gap_mobile&quot;:{&quot;unit&quot;:&quot;px&quot;,&quot;size&quot;:&quot;&quot;,&quot;sizes&quot;:[]},&quot;ekit_we_effect_on&quot;:&quot;none&quot;}\" data-widget_type=\"posts.cards\">\n\t\t\t\t<div class=\"elementor-widget-container\">\n\t\t\t\t\t\t\t<div class=\"elementor-posts-container elementor-posts elementor-posts--skin-cards elementor-grid\" role=\"list\">\n\t\t\t\t<article class=\"elementor-post elementor-grid-item post-4929 post type-post status-publish format-standard has-post-thumbnail hentry category-pracownie tag-ars-vitrea-polona tag-witraz-legnica tag-zbigniem-brzezinski-legnica tag-zbigniew-brzezinski tag-zbigniew-brzezinski-witraz tag-zbigniew-pawel-brzezinski\" role=\"listitem\">\n\t\t\t<div class=\"elementor-post__card\">\n\t\t\t\t<a class=\"elementor-post__thumbnail__link\" href=\"https:\/\/arsvitrea.pl\/index.php\/2024\/08\/25\/wywiad-z-zbigniewem-brzezinskim-witrazysta-i-dzialaczem-spolecznym\/\" tabindex=\"-1\" ><div class=\"elementor-post__thumbnail\"><img fetchpriority=\"high\" decoding=\"async\" width=\"225\" height=\"300\" src=\"https:\/\/arsvitrea.pl\/wp-content\/uploads\/2024\/08\/IMG_5194-225x300.jpg\" class=\"attachment-medium size-medium wp-image-4933\" alt=\"\" srcset=\"https:\/\/arsvitrea.pl\/wp-content\/uploads\/2024\/08\/IMG_5194-225x300.jpg 225w, https:\/\/arsvitrea.pl\/wp-content\/uploads\/2024\/08\/IMG_5194-768x1024.jpg 768w, https:\/\/arsvitrea.pl\/wp-content\/uploads\/2024\/08\/IMG_5194-1152x1536.jpg 1152w, https:\/\/arsvitrea.pl\/wp-content\/uploads\/2024\/08\/IMG_5194-1536x2048.jpg 1536w, https:\/\/arsvitrea.pl\/wp-content\/uploads\/2024\/08\/IMG_5194-scaled.jpg 1920w\" sizes=\"(max-width: 225px) 100vw, 225px\" \/><\/div><\/a>\n\t\t\t\t<div class=\"elementor-post__badge\">Pracownie<\/div>\n\t\t\t\t<div class=\"elementor-post__text\">\n\t\t\t\t<h4 class=\"elementor-post__title\">\n\t\t\t<a href=\"https:\/\/arsvitrea.pl\/index.php\/2024\/08\/25\/wywiad-z-zbigniewem-brzezinskim-witrazysta-i-dzialaczem-spolecznym\/\" >\n\t\t\t\tWywiad z Zbigniewem Brzezi\u0144skim, witra\u017cyst\u0105 i dzia\u0142aczem spo\u0142ecznym\t\t\t<\/a>\n\t\t<\/h4>\n\t\t\t\t<\/div>\n\t\t\t\t<div class=\"elementor-post__meta-data\">\n\t\t\t\t\t<span class=\"elementor-post-date\">\n\t\t\t2024-08-25\t\t<\/span>\n\t\t\t\t<\/div>\n\t\t\t\t\t<\/div>\n\t\t<\/article>\n\t\t\t\t<article class=\"elementor-post elementor-grid-item post-4321 post type-post status-publish format-standard has-post-thumbnail hentry category-pracownie tag-pracownia-witrazu-torun tag-pracownia-witrazu-umk\" role=\"listitem\">\n\t\t\t<div class=\"elementor-post__card\">\n\t\t\t\t<a class=\"elementor-post__thumbnail__link\" href=\"https:\/\/arsvitrea.pl\/index.php\/2024\/04\/27\/pracownia-witrazu-wydzialu-sztuk-pieknych-umk\/\" tabindex=\"-1\" ><div class=\"elementor-post__thumbnail\"><img decoding=\"async\" width=\"252\" height=\"300\" src=\"https:\/\/arsvitrea.pl\/wp-content\/uploads\/2024\/04\/IMG_7535-252x300.jpeg\" class=\"attachment-medium size-medium wp-image-4322\" alt=\"\" srcset=\"https:\/\/arsvitrea.pl\/wp-content\/uploads\/2024\/04\/IMG_7535-252x300.jpeg 252w, https:\/\/arsvitrea.pl\/wp-content\/uploads\/2024\/04\/IMG_7535-861x1024.jpeg 861w, https:\/\/arsvitrea.pl\/wp-content\/uploads\/2024\/04\/IMG_7535-768x913.jpeg 768w, https:\/\/arsvitrea.pl\/wp-content\/uploads\/2024\/04\/IMG_7535.jpeg 1000w\" sizes=\"(max-width: 252px) 100vw, 252px\" \/><\/div><\/a>\n\t\t\t\t<div class=\"elementor-post__badge\">Pracownie<\/div>\n\t\t\t\t<div class=\"elementor-post__text\">\n\t\t\t\t<h4 class=\"elementor-post__title\">\n\t\t\t<a href=\"https:\/\/arsvitrea.pl\/index.php\/2024\/04\/27\/pracownia-witrazu-wydzialu-sztuk-pieknych-umk\/\" >\n\t\t\t\tPracownia Witra\u017cu Wydzia\u0142u Sztuk Pi\u0119knych UMK\t\t\t<\/a>\n\t\t<\/h4>\n\t\t\t\t<\/div>\n\t\t\t\t<div class=\"elementor-post__meta-data\">\n\t\t\t\t\t<span class=\"elementor-post-date\">\n\t\t\t2024-04-27\t\t<\/span>\n\t\t\t\t<\/div>\n\t\t\t\t\t<\/div>\n\t\t<\/article>\n\t\t\t\t<article class=\"elementor-post elementor-grid-item post-3800 post type-post status-publish format-standard has-post-thumbnail hentry category-ogloszenia category-pracownie tag-regina-rychlowska tag-regina-rychlowska-molinska tag-rychlowska-molinska\" role=\"listitem\">\n\t\t\t<div class=\"elementor-post__card\">\n\t\t\t\t<a class=\"elementor-post__thumbnail__link\" href=\"https:\/\/arsvitrea.pl\/index.php\/2022\/10\/31\/regina-rychlowska-molinska\/\" tabindex=\"-1\" ><div class=\"elementor-post__thumbnail\"><img decoding=\"async\" width=\"300\" height=\"215\" src=\"https:\/\/arsvitrea.pl\/wp-content\/uploads\/2022\/10\/rychlowska-molinska-2-300x215.jpg\" class=\"attachment-medium size-medium wp-image-3802\" alt=\"\" srcset=\"https:\/\/arsvitrea.pl\/wp-content\/uploads\/2022\/10\/rychlowska-molinska-2-300x215.jpg 300w, https:\/\/arsvitrea.pl\/wp-content\/uploads\/2022\/10\/rychlowska-molinska-2.jpg 764w\" sizes=\"(max-width: 300px) 100vw, 300px\" \/><\/div><\/a>\n\t\t\t\t<div class=\"elementor-post__badge\">Og\u0142oszenia<\/div>\n\t\t\t\t<div class=\"elementor-post__text\">\n\t\t\t\t<h4 class=\"elementor-post__title\">\n\t\t\t<a href=\"https:\/\/arsvitrea.pl\/index.php\/2022\/10\/31\/regina-rychlowska-molinska\/\" >\n\t\t\t\tRegina Rych\u0142owska-Moli\u0144ska\t\t\t<\/a>\n\t\t<\/h4>\n\t\t\t\t<\/div>\n\t\t\t\t<div class=\"elementor-post__meta-data\">\n\t\t\t\t\t<span class=\"elementor-post-date\">\n\t\t\t2022-10-31\t\t<\/span>\n\t\t\t\t<\/div>\n\t\t\t\t\t<\/div>\n\t\t<\/article>\n\t\t\t\t<article class=\"elementor-post elementor-grid-item post-1383 post type-post status-publish format-standard has-post-thumbnail hentry category-ogloszenia category-pracownie category-wystawy\" role=\"listitem\">\n\t\t\t<div class=\"elementor-post__card\">\n\t\t\t\t<a class=\"elementor-post__thumbnail__link\" href=\"https:\/\/arsvitrea.pl\/index.php\/2017\/04\/23\/historie-pisane-emocjami-elzbieta-altevogt\/\" tabindex=\"-1\" ><div class=\"elementor-post__thumbnail\"><img loading=\"lazy\" decoding=\"async\" width=\"211\" height=\"300\" src=\"https:\/\/arsvitrea.pl\/wp-content\/uploads\/2017\/04\/elzbieta-altevogt-wystawa-1-211x300.jpg\" class=\"attachment-medium size-medium wp-image-1384\" alt=\"\" srcset=\"https:\/\/arsvitrea.pl\/wp-content\/uploads\/2017\/04\/elzbieta-altevogt-wystawa-1-211x300.jpg 211w, https:\/\/arsvitrea.pl\/wp-content\/uploads\/2017\/04\/elzbieta-altevogt-wystawa-1-722x1024.jpg 722w, https:\/\/arsvitrea.pl\/wp-content\/uploads\/2017\/04\/elzbieta-altevogt-wystawa-1-768x1089.jpg 768w, https:\/\/arsvitrea.pl\/wp-content\/uploads\/2017\/04\/elzbieta-altevogt-wystawa-1-1083x1536.jpg 1083w, https:\/\/arsvitrea.pl\/wp-content\/uploads\/2017\/04\/elzbieta-altevogt-wystawa-1.jpg 1166w\" sizes=\"(max-width: 211px) 100vw, 211px\" \/><\/div><\/a>\n\t\t\t\t<div class=\"elementor-post__badge\">Og\u0142oszenia<\/div>\n\t\t\t\t<div class=\"elementor-post__text\">\n\t\t\t\t<h4 class=\"elementor-post__title\">\n\t\t\t<a href=\"https:\/\/arsvitrea.pl\/index.php\/2017\/04\/23\/historie-pisane-emocjami-elzbieta-altevogt\/\" >\n\t\t\t\tHistorie pisane emocjami &#8211; El\u017cbieta Altevogt &#8211; wystawa\t\t\t<\/a>\n\t\t<\/h4>\n\t\t\t\t<\/div>\n\t\t\t\t<div class=\"elementor-post__meta-data\">\n\t\t\t\t\t<span class=\"elementor-post-date\">\n\t\t\t2017-04-23\t\t<\/span>\n\t\t\t\t<\/div>\n\t\t\t\t\t<\/div>\n\t\t<\/article>\n\t\t\t\t<\/div>\n\t\t\n\t\t\t\t\t\t<\/div>\n\t\t\t\t<\/div>\n\t\t\t\t<\/div>\n\t\t\t\t<\/div>\n\t\t","protected":false},"excerpt":{"rendered":"","protected":false},"author":1,"featured_media":0,"parent":0,"menu_order":0,"comment_status":"closed","ping_status":"closed","template":"","meta":{"footnotes":""},"class_list":["post-4200","page","type-page","status-publish","hentry"],"_links":{"self":[{"href":"https:\/\/arsvitrea.pl\/index.php\/wp-json\/wp\/v2\/pages\/4200","targetHints":{"allow":["GET"]}}],"collection":[{"href":"https:\/\/arsvitrea.pl\/index.php\/wp-json\/wp\/v2\/pages"}],"about":[{"href":"https:\/\/arsvitrea.pl\/index.php\/wp-json\/wp\/v2\/types\/page"}],"author":[{"embeddable":true,"href":"https:\/\/arsvitrea.pl\/index.php\/wp-json\/wp\/v2\/users\/1"}],"replies":[{"embeddable":true,"href":"https:\/\/arsvitrea.pl\/index.php\/wp-json\/wp\/v2\/comments?post=4200"}],"version-history":[{"count":7,"href":"https:\/\/arsvitrea.pl\/index.php\/wp-json\/wp\/v2\/pages\/4200\/revisions"}],"predecessor-version":[{"id":4537,"href":"https:\/\/arsvitrea.pl\/index.php\/wp-json\/wp\/v2\/pages\/4200\/revisions\/4537"}],"wp:attachment":[{"href":"https:\/\/arsvitrea.pl\/index.php\/wp-json\/wp\/v2\/media?parent=4200"}],"curies":[{"name":"wp","href":"https:\/\/api.w.org\/{rel}","templated":true}]}}

<div data-elementor-type="wp-page" data-elementor-id="4200" class="elementor elementor-4200" data-elementor-post-type="page">
				<div class="elementor-element elementor-element-56769032 e-con-full e-flex e-con e-parent" data-id="56769032" data-element_type="container" data-e-type="container">
				<div class="elementor-element elementor-element-60cc4cce elementor-grid-4 elementor-posts__hover-none elementor-grid-tablet-2 elementor-grid-mobile-1 elementor-posts--thumbnail-top elementor-card-shadow-yes elementor-widget elementor-widget-posts" data-id="60cc4cce" data-element_type="widget" data-e-type="widget" data-settings="{&quot;cards_columns&quot;:&quot;4&quot;,&quot;cards_row_gap&quot;:{&quot;unit&quot;:&quot;px&quot;,&quot;size&quot;:7,&quot;sizes&quot;:[]},&quot;cards_columns_tablet&quot;:&quot;2&quot;,&quot;cards_columns_mobile&quot;:&quot;1&quot;,&quot;cards_row_gap_tablet&quot;:{&quot;unit&quot;:&quot;px&quot;,&quot;size&quot;:&quot;&quot;,&quot;sizes&quot;:[]},&quot;cards_row_gap_mobile&quot;:{&quot;unit&quot;:&quot;px&quot;,&quot;size&quot;:&quot;&quot;,&quot;sizes&quot;:[]},&quot;ekit_we_effect_on&quot;:&quot;none&quot;}" data-widget_type="posts.cards">
				<div class="elementor-widget-container">
							<div class="elementor-posts-container elementor-posts elementor-posts--skin-cards elementor-grid" role="list">
				<article class="elementor-post elementor-grid-item post-4929 post type-post status-publish format-standard has-post-thumbnail hentry category-pracownie tag-ars-vitrea-polona tag-witraz-legnica tag-zbigniem-brzezinski-legnica tag-zbigniew-brzezinski tag-zbigniew-brzezinski-witraz tag-zbigniew-pawel-brzezinski" role="listitem">
			<div class="elementor-post__card">
				<a class="elementor-post__thumbnail__link" href="https://arsvitrea.pl/index.php/2024/08/25/wywiad-z-zbigniewem-brzezinskim-witrazysta-i-dzialaczem-spolecznym/" tabindex="-1" ><div class="elementor-post__thumbnail"><img fetchpriority="high" decoding="async" width="225" height="300" src="https://arsvitrea.pl/wp-content/uploads/2024/08/IMG_5194-225x300.jpg" class="attachment-medium size-medium wp-image-4933" alt="" srcset="https://arsvitrea.pl/wp-content/uploads/2024/08/IMG_5194-225x300.jpg 225w, https://arsvitrea.pl/wp-content/uploads/2024/08/IMG_5194-768x1024.jpg 768w, https://arsvitrea.pl/wp-content/uploads/2024/08/IMG_5194-1152x1536.jpg 1152w, https://arsvitrea.pl/wp-content/uploads/2024/08/IMG_5194-1536x2048.jpg 1536w, https://arsvitrea.pl/wp-content/uploads/2024/08/IMG_5194-scaled.jpg 1920w" sizes="(max-width: 225px) 100vw, 225px" /></div></a>
				<div class="elementor-post__badge">Pracownie</div>
				<div class="elementor-post__text">
				<h4 class="elementor-post__title">
			<a href="https://arsvitrea.pl/index.php/2024/08/25/wywiad-z-zbigniewem-brzezinskim-witrazysta-i-dzialaczem-spolecznym/" >
				Wywiad z Zbigniewem Brzezińskim, witrażystą i działaczem społecznym			</a>
		</h4>
				</div>
				<div class="elementor-post__meta-data">
					<span class="elementor-post-date">
			2024-08-25		</span>
				</div>
					</div>
		</article>
				<article class="elementor-post elementor-grid-item post-4321 post type-post status-publish format-standard has-post-thumbnail hentry category-pracownie tag-pracownia-witrazu-torun tag-pracownia-witrazu-umk" role="listitem">
			<div class="elementor-post__card">
				<a class="elementor-post__thumbnail__link" href="https://arsvitrea.pl/index.php/2024/04/27/pracownia-witrazu-wydzialu-sztuk-pieknych-umk/" tabindex="-1" ><div class="elementor-post__thumbnail"><img decoding="async" width="252" height="300" src="https://arsvitrea.pl/wp-content/uploads/2024/04/IMG_7535-252x300.jpeg" class="attachment-medium size-medium wp-image-4322" alt="" srcset="https://arsvitrea.pl/wp-content/uploads/2024/04/IMG_7535-252x300.jpeg 252w, https://arsvitrea.pl/wp-content/uploads/2024/04/IMG_7535-861x1024.jpeg 861w, https://arsvitrea.pl/wp-content/uploads/2024/04/IMG_7535-768x913.jpeg 768w, https://arsvitrea.pl/wp-content/uploads/2024/04/IMG_7535.jpeg 1000w" sizes="(max-width: 252px) 100vw, 252px" /></div></a>
				<div class="elementor-post__badge">Pracownie</div>
				<div class="elementor-post__text">
				<h4 class="elementor-post__title">
			<a href="https://arsvitrea.pl/index.php/2024/04/27/pracownia-witrazu-wydzialu-sztuk-pieknych-umk/" >
				Pracownia Witrażu Wydziału Sztuk Pięknych UMK			</a>
		</h4>
				</div>
				<div class="elementor-post__meta-data">
					<span class="elementor-post-date">
			2024-04-27		</span>
				</div>
					</div>
		</article>
				<article class="elementor-post elementor-grid-item post-3800 post type-post status-publish format-standard has-post-thumbnail hentry category-ogloszenia category-pracownie tag-regina-rychlowska tag-regina-rychlowska-molinska tag-rychlowska-molinska" role="listitem">
			<div class="elementor-post__card">
				<a class="elementor-post__thumbnail__link" href="https://arsvitrea.pl/index.php/2022/10/31/regina-rychlowska-molinska/" tabindex="-1" ><div class="elementor-post__thumbnail"><img decoding="async" width="300" height="215" src="https://arsvitrea.pl/wp-content/uploads/2022/10/rychlowska-molinska-2-300x215.jpg" class="attachment-medium size-medium wp-image-3802" alt="" srcset="https://arsvitrea.pl/wp-content/uploads/2022/10/rychlowska-molinska-2-300x215.jpg 300w, https://arsvitrea.pl/wp-content/uploads/2022/10/rychlowska-molinska-2.jpg 764w" sizes="(max-width: 300px) 100vw, 300px" /></div></a>
				<div class="elementor-post__badge">Ogłoszenia</div>
				<div class="elementor-post__text">
				<h4 class="elementor-post__title">
			<a href="https://arsvitrea.pl/index.php/2022/10/31/regina-rychlowska-molinska/" >
				Regina Rychłowska-Molińska			</a>
		</h4>
				</div>
				<div class="elementor-post__meta-data">
					<span class="elementor-post-date">
			2022-10-31		</span>
				</div>
					</div>
		</article>
				<article class="elementor-post elementor-grid-item post-1383 post type-post status-publish format-standard has-post-thumbnail hentry category-ogloszenia category-pracownie category-wystawy" role="listitem">
			<div class="elementor-post__card">
				<a class="elementor-post__thumbnail__link" href="https://arsvitrea.pl/index.php/2017/04/23/historie-pisane-emocjami-elzbieta-altevogt/" tabindex="-1" ><div class="elementor-post__thumbnail"><img loading="lazy" decoding="async" width="211" height="300" src="https://arsvitrea.pl/wp-content/uploads/2017/04/elzbieta-altevogt-wystawa-1-211x300.jpg" class="attachment-medium size-medium wp-image-1384" alt="" srcset="https://arsvitrea.pl/wp-content/uploads/2017/04/elzbieta-altevogt-wystawa-1-211x300.jpg 211w, https://arsvitrea.pl/wp-content/uploads/2017/04/elzbieta-altevogt-wystawa-1-722x1024.jpg 722w, https://arsvitrea.pl/wp-content/uploads/2017/04/elzbieta-altevogt-wystawa-1-768x1089.jpg 768w, https://arsvitrea.pl/wp-content/uploads/2017/04/elzbieta-altevogt-wystawa-1-1083x1536.jpg 1083w, https://arsvitrea.pl/wp-content/uploads/2017/04/elzbieta-altevogt-wystawa-1.jpg 1166w" sizes="(max-width: 211px) 100vw, 211px" /></div></a>
				<div class="elementor-post__badge">Ogłoszenia</div>
				<div class="elementor-post__text">
				<h4 class="elementor-post__title">
			<a href="https://arsvitrea.pl/index.php/2017/04/23/historie-pisane-emocjami-elzbieta-altevogt/" >
				Historie pisane emocjami &#8211; Elżbieta Altevogt &#8211; wystawa			</a>
		</h4>
				</div>
				<div class="elementor-post__meta-data">
					<span class="elementor-post-date">
			2017-04-23		</span>
				</div>
					</div>
		</article>
				</div>
		
						</div>
				</div>
				</div>
				</div>
