{"id":4166,"date":"2024-04-17T19:16:16","date_gmt":"2024-04-17T19:16:16","guid":{"rendered":"https:\/\/arsvitrea.pl\/?page_id=4166"},"modified":"2024-05-21T07:03:25","modified_gmt":"2024-05-21T07:03:25","slug":"elementor-4166","status":"publish","type":"page","link":"https:\/\/arsvitrea.pl\/index.php\/elementor-4166\/","title":{"rendered":"Autorzy AVP"},"content":{"rendered":"\t\t<div data-elementor-type=\"wp-page\" data-elementor-id=\"4166\" class=\"elementor elementor-4166\" data-elementor-post-type=\"page\">\n\t\t\t\t<div class=\"elementor-element elementor-element-780198c3 e-con-full e-flex e-con e-parent\" data-id=\"780198c3\" data-element_type=\"container\" data-e-type=\"container\">\n\t\t\t\t<div class=\"elementor-element elementor-element-4d866abc elementor-grid-4 elementor-posts__hover-none elementor-grid-tablet-2 elementor-grid-mobile-1 elementor-posts--thumbnail-top elementor-card-shadow-yes elementor-widget elementor-widget-posts\" data-id=\"4d866abc\" data-element_type=\"widget\" data-e-type=\"widget\" data-settings=\"{&quot;cards_columns&quot;:&quot;4&quot;,&quot;cards_row_gap&quot;:{&quot;unit&quot;:&quot;px&quot;,&quot;size&quot;:7,&quot;sizes&quot;:[]},&quot;cards_columns_tablet&quot;:&quot;2&quot;,&quot;cards_columns_mobile&quot;:&quot;1&quot;,&quot;cards_row_gap_tablet&quot;:{&quot;unit&quot;:&quot;px&quot;,&quot;size&quot;:&quot;&quot;,&quot;sizes&quot;:[]},&quot;cards_row_gap_mobile&quot;:{&quot;unit&quot;:&quot;px&quot;,&quot;size&quot;:&quot;&quot;,&quot;sizes&quot;:[]},&quot;ekit_we_effect_on&quot;:&quot;none&quot;}\" data-widget_type=\"posts.cards\">\n\t\t\t\t<div class=\"elementor-widget-container\">\n\t\t\t\t\t\t\t<div class=\"elementor-posts-container elementor-posts elementor-posts--skin-cards elementor-grid\" role=\"list\">\n\t\t\t\t<article class=\"elementor-post elementor-grid-item post-5105 post type-post status-publish format-standard has-post-thumbnail hentry category-krystyna-pawlowska tag-krystyna-pawlowska tag-wladyslaw-bartynowski\" role=\"listitem\">\n\t\t\t<div class=\"elementor-post__card\">\n\t\t\t\t<a class=\"elementor-post__thumbnail__link\" href=\"https:\/\/arsvitrea.pl\/index.php\/2025\/09\/05\/nowa-ksiazka-prof-krystyny-pawlowskiej\/\" tabindex=\"-1\" ><div class=\"elementor-post__thumbnail\"><img fetchpriority=\"high\" decoding=\"async\" width=\"300\" height=\"201\" src=\"https:\/\/arsvitrea.pl\/wp-content\/uploads\/2025\/09\/Zrzut-ekranu-2025-09-5-o-12.47.36-1-300x201.png\" class=\"attachment-medium size-medium wp-image-5107\" alt=\"\" srcset=\"https:\/\/arsvitrea.pl\/wp-content\/uploads\/2025\/09\/Zrzut-ekranu-2025-09-5-o-12.47.36-1-300x201.png 300w, https:\/\/arsvitrea.pl\/wp-content\/uploads\/2025\/09\/Zrzut-ekranu-2025-09-5-o-12.47.36-1-768x515.png 768w, https:\/\/arsvitrea.pl\/wp-content\/uploads\/2025\/09\/Zrzut-ekranu-2025-09-5-o-12.47.36-1.png 842w\" sizes=\"(max-width: 300px) 100vw, 300px\" \/><\/div><\/a>\n\t\t\t\t<div class=\"elementor-post__badge\">Krystyna Paw\u0142owska<\/div>\n\t\t\t\t<div class=\"elementor-post__text\">\n\t\t\t\t<h4 class=\"elementor-post__title\">\n\t\t\t<a href=\"https:\/\/arsvitrea.pl\/index.php\/2025\/09\/05\/nowa-ksiazka-prof-krystyny-pawlowskiej\/\" >\n\t\t\t\tNowa ksi\u0105\u017cka prof. Krystyny Paw\u0142owskiej\t\t\t<\/a>\n\t\t<\/h4>\n\t\t\t\t<\/div>\n\t\t\t\t<div class=\"elementor-post__meta-data\">\n\t\t\t\t\t<span class=\"elementor-post-date\">\n\t\t\t2025-09-05\t\t<\/span>\n\t\t\t\t<\/div>\n\t\t\t\t\t<\/div>\n\t\t<\/article>\n\t\t\t\t<article class=\"elementor-post elementor-grid-item post-5070 post type-post status-publish format-standard has-post-thumbnail hentry category-danuta-czapczynska-kleszczynska category-wystawy tag-danuta-czapczynska-kleszczynska tag-iza-zelenska tag-muzeum-archidiecezji-warszawskiej\" role=\"listitem\">\n\t\t\t<div class=\"elementor-post__card\">\n\t\t\t\t<a class=\"elementor-post__thumbnail__link\" href=\"https:\/\/arsvitrea.pl\/index.php\/2025\/01\/16\/wernisaz-w-muzeum-archidiecezji-warszawskiej-relacja\/\" tabindex=\"-1\" ><div class=\"elementor-post__thumbnail\"><img decoding=\"async\" width=\"300\" height=\"227\" src=\"https:\/\/arsvitrea.pl\/wp-content\/uploads\/2025\/01\/IMG_1561-300x227.jpeg\" class=\"attachment-medium size-medium wp-image-5071\" alt=\"\" srcset=\"https:\/\/arsvitrea.pl\/wp-content\/uploads\/2025\/01\/IMG_1561-300x227.jpeg 300w, https:\/\/arsvitrea.pl\/wp-content\/uploads\/2025\/01\/IMG_1561-768x580.jpeg 768w, https:\/\/arsvitrea.pl\/wp-content\/uploads\/2025\/01\/IMG_1561.jpeg 1000w\" sizes=\"(max-width: 300px) 100vw, 300px\" \/><\/div><\/a>\n\t\t\t\t<div class=\"elementor-post__badge\">Danuta Czapczy\u0144ska-Kleszczy\u0144ska<\/div>\n\t\t\t\t<div class=\"elementor-post__text\">\n\t\t\t\t<h4 class=\"elementor-post__title\">\n\t\t\t<a href=\"https:\/\/arsvitrea.pl\/index.php\/2025\/01\/16\/wernisaz-w-muzeum-archidiecezji-warszawskiej-relacja\/\" >\n\t\t\t\tWernisa\u017c w Muzeum Archidiecezji Warszawskiej &#8211; relacja\t\t\t<\/a>\n\t\t<\/h4>\n\t\t\t\t<\/div>\n\t\t\t\t<div class=\"elementor-post__meta-data\">\n\t\t\t\t\t<span class=\"elementor-post-date\">\n\t\t\t2025-01-16\t\t<\/span>\n\t\t\t\t<\/div>\n\t\t\t\t\t<\/div>\n\t\t<\/article>\n\t\t\t\t<article class=\"elementor-post elementor-grid-item post-4611 post type-post status-publish format-standard has-post-thumbnail hentry category-danuta-czapczynska-kleszczynska\" role=\"listitem\">\n\t\t\t<div class=\"elementor-post__card\">\n\t\t\t\t<a class=\"elementor-post__thumbnail__link\" href=\"https:\/\/arsvitrea.pl\/index.php\/2024\/06\/25\/wywiad-z-danuta-czapczynska-kleszczynska\/\" tabindex=\"-1\" ><div class=\"elementor-post__thumbnail\"><img decoding=\"async\" width=\"226\" height=\"300\" src=\"https:\/\/arsvitrea.pl\/wp-content\/uploads\/2024\/06\/DanutaCzapczynskaKleszczynska-226x300.jpg\" class=\"attachment-medium size-medium wp-image-4613\" alt=\"\" srcset=\"https:\/\/arsvitrea.pl\/wp-content\/uploads\/2024\/06\/DanutaCzapczynskaKleszczynska-226x300.jpg 226w, https:\/\/arsvitrea.pl\/wp-content\/uploads\/2024\/06\/DanutaCzapczynskaKleszczynska.jpg 300w\" sizes=\"(max-width: 226px) 100vw, 226px\" \/><\/div><\/a>\n\t\t\t\t<div class=\"elementor-post__badge\">Danuta Czapczy\u0144ska-Kleszczy\u0144ska<\/div>\n\t\t\t\t<div class=\"elementor-post__text\">\n\t\t\t\t<h4 class=\"elementor-post__title\">\n\t\t\t<a href=\"https:\/\/arsvitrea.pl\/index.php\/2024\/06\/25\/wywiad-z-danuta-czapczynska-kleszczynska\/\" >\n\t\t\t\tWywiad z Danut\u0105 Czapczy\u0144sk\u0105-Kleszczy\u0144sk\u0105\t\t\t<\/a>\n\t\t<\/h4>\n\t\t\t\t<\/div>\n\t\t\t\t<div class=\"elementor-post__meta-data\">\n\t\t\t\t\t<span class=\"elementor-post-date\">\n\t\t\t2024-06-25\t\t<\/span>\n\t\t\t\t<\/div>\n\t\t\t\t\t<\/div>\n\t\t<\/article>\n\t\t\t\t<article class=\"elementor-post elementor-grid-item post-4035 post type-post status-publish format-standard has-post-thumbnail hentry category-krystyna-pawlowska category-opracowania-naukowe tag-krystyna-pawlowska tag-wladyslaw-bartynowski\" role=\"listitem\">\n\t\t\t<div class=\"elementor-post__card\">\n\t\t\t\t<a class=\"elementor-post__thumbnail__link\" href=\"https:\/\/arsvitrea.pl\/index.php\/2023\/05\/07\/krystyna-pawlowska-kolekcja-medalikow-i-krzyzykow-wladyslawa-bartynowskiego\/\" tabindex=\"-1\" ><div class=\"elementor-post__thumbnail\"><img loading=\"lazy\" decoding=\"async\" width=\"300\" height=\"289\" src=\"https:\/\/arsvitrea.pl\/wp-content\/uploads\/2023\/05\/Ksiazka-kopia-300x289.jpg\" class=\"attachment-medium size-medium wp-image-4042\" alt=\"\" srcset=\"https:\/\/arsvitrea.pl\/wp-content\/uploads\/2023\/05\/Ksiazka-kopia-300x289.jpg 300w, https:\/\/arsvitrea.pl\/wp-content\/uploads\/2023\/05\/Ksiazka-kopia.jpg 500w\" sizes=\"(max-width: 300px) 100vw, 300px\" \/><\/div><\/a>\n\t\t\t\t<div class=\"elementor-post__badge\">Krystyna Paw\u0142owska<\/div>\n\t\t\t\t<div class=\"elementor-post__text\">\n\t\t\t\t<h4 class=\"elementor-post__title\">\n\t\t\t<a href=\"https:\/\/arsvitrea.pl\/index.php\/2023\/05\/07\/krystyna-pawlowska-kolekcja-medalikow-i-krzyzykow-wladyslawa-bartynowskiego\/\" >\n\t\t\t\tKrystyna Paw\u0142owska &#8211; &#8222;Kolekcja medalik\u00f3w i krzy\u017cyk\u00f3w W\u0142adys\u0142awa Bartynowskiego&#8221;\t\t\t<\/a>\n\t\t<\/h4>\n\t\t\t\t<\/div>\n\t\t\t\t<div class=\"elementor-post__meta-data\">\n\t\t\t\t\t<span class=\"elementor-post-date\">\n\t\t\t2023-05-07\t\t<\/span>\n\t\t\t\t<\/div>\n\t\t\t\t\t<\/div>\n\t\t<\/article>\n\t\t\t\t<article class=\"elementor-post elementor-grid-item post-3816 post type-post status-publish format-standard has-post-thumbnail hentry category-danuta-czapczynska-kleszczynska category-opracowania-naukowe tag-s-g-zelenski tag-stanislaw-zelenski\" role=\"listitem\">\n\t\t\t<div class=\"elementor-post__card\">\n\t\t\t\t<a class=\"elementor-post__thumbnail__link\" href=\"https:\/\/arsvitrea.pl\/index.php\/2022\/12\/11\/s-g-zelenski-o-rodzinie-i-witrazach-danuta-czapczynska-kleszczynska\/\" tabindex=\"-1\" ><div class=\"elementor-post__thumbnail\"><img loading=\"lazy\" decoding=\"async\" width=\"300\" height=\"160\" src=\"https:\/\/arsvitrea.pl\/wp-content\/uploads\/2022\/12\/SGZelenski-620x330-1-300x160.jpg\" class=\"attachment-medium size-medium wp-image-3817\" alt=\"\" srcset=\"https:\/\/arsvitrea.pl\/wp-content\/uploads\/2022\/12\/SGZelenski-620x330-1-300x160.jpg 300w, https:\/\/arsvitrea.pl\/wp-content\/uploads\/2022\/12\/SGZelenski-620x330-1.jpg 620w\" sizes=\"(max-width: 300px) 100vw, 300px\" \/><\/div><\/a>\n\t\t\t\t<div class=\"elementor-post__badge\">Danuta Czapczy\u0144ska-Kleszczy\u0144ska<\/div>\n\t\t\t\t<div class=\"elementor-post__text\">\n\t\t\t\t<h4 class=\"elementor-post__title\">\n\t\t\t<a href=\"https:\/\/arsvitrea.pl\/index.php\/2022\/12\/11\/s-g-zelenski-o-rodzinie-i-witrazach-danuta-czapczynska-kleszczynska\/\" >\n\t\t\t\tS.G. \u017bele\u0144ski \u2013 o rodzinie i witra\u017cach \u2013 Danuta Czapczy\u0144ska-Kleszczy\u0144ska\t\t\t<\/a>\n\t\t<\/h4>\n\t\t\t\t<\/div>\n\t\t\t\t<div class=\"elementor-post__meta-data\">\n\t\t\t\t\t<span class=\"elementor-post-date\">\n\t\t\t2022-12-11\t\t<\/span>\n\t\t\t\t<\/div>\n\t\t\t\t\t<\/div>\n\t\t<\/article>\n\t\t\t\t<article class=\"elementor-post elementor-grid-item post-3812 post type-post status-publish format-standard has-post-thumbnail hentry category-krystyna-pawlowska category-opracowania-naukowe tag-krystyna-pawlowska tag-witraze-krakowskie-w-kamienicach\" role=\"listitem\">\n\t\t\t<div class=\"elementor-post__card\">\n\t\t\t\t<a class=\"elementor-post__thumbnail__link\" href=\"https:\/\/arsvitrea.pl\/index.php\/2022\/12\/11\/witraze-krakowskie\/\" tabindex=\"-1\" ><div class=\"elementor-post__thumbnail\"><img loading=\"lazy\" decoding=\"async\" width=\"210\" height=\"300\" src=\"https:\/\/arsvitrea.pl\/wp-content\/uploads\/2022\/12\/Witraze_krakowskie_w_kamienicach01-210x300-1.jpg\" class=\"attachment-medium size-medium wp-image-3813\" alt=\"\" \/><\/div><\/a>\n\t\t\t\t<div class=\"elementor-post__badge\">Krystyna Paw\u0142owska<\/div>\n\t\t\t\t<div class=\"elementor-post__text\">\n\t\t\t\t<h4 class=\"elementor-post__title\">\n\t\t\t<a href=\"https:\/\/arsvitrea.pl\/index.php\/2022\/12\/11\/witraze-krakowskie\/\" >\n\t\t\t\tWitra\u017ce krakowskie w kamienicach mieszkalnych i obiektach u\u017cyteczno\u015bci publicznej z prze\u0142omu wiek\u00f3w XIX i XX \u2013 Krystyna Paw\u0142owska\t\t\t<\/a>\n\t\t<\/h4>\n\t\t\t\t<\/div>\n\t\t\t\t<div class=\"elementor-post__meta-data\">\n\t\t\t\t\t<span class=\"elementor-post-date\">\n\t\t\t2022-12-11\t\t<\/span>\n\t\t\t\t<\/div>\n\t\t\t\t\t<\/div>\n\t\t<\/article>\n\t\t\t\t<article class=\"elementor-post elementor-grid-item post-2015 post type-post status-publish format-standard has-post-thumbnail hentry category-autorzy-avp category-krystyna-pawlowska tag-ars-vitrea-polona tag-krystyna-pawlowska\" role=\"listitem\">\n\t\t\t<div class=\"elementor-post__card\">\n\t\t\t\t<a class=\"elementor-post__thumbnail__link\" href=\"https:\/\/arsvitrea.pl\/index.php\/2021\/06\/09\/publikacje-krystyny-pawlowskiej-na-temat-sztuki-witrazowej\/\" tabindex=\"-1\" ><div class=\"elementor-post__thumbnail\"><img loading=\"lazy\" decoding=\"async\" width=\"229\" height=\"300\" src=\"https:\/\/arsvitrea.pl\/wp-content\/uploads\/2021\/06\/krystyna-pawlowska-229x300.jpg\" class=\"attachment-medium size-medium wp-image-2016\" alt=\"\" srcset=\"https:\/\/arsvitrea.pl\/wp-content\/uploads\/2021\/06\/krystyna-pawlowska-229x300.jpg 229w, https:\/\/arsvitrea.pl\/wp-content\/uploads\/2021\/06\/krystyna-pawlowska.jpg 301w\" sizes=\"(max-width: 229px) 100vw, 229px\" \/><\/div><\/a>\n\t\t\t\t<div class=\"elementor-post__badge\">Autorzy AVP<\/div>\n\t\t\t\t<div class=\"elementor-post__text\">\n\t\t\t\t<h4 class=\"elementor-post__title\">\n\t\t\t<a href=\"https:\/\/arsvitrea.pl\/index.php\/2021\/06\/09\/publikacje-krystyny-pawlowskiej-na-temat-sztuki-witrazowej\/\" >\n\t\t\t\tPublikacje Krystyny Paw\u0142owskiej na temat sztuki witra\u017cowej\t\t\t<\/a>\n\t\t<\/h4>\n\t\t\t\t<\/div>\n\t\t\t\t<div class=\"elementor-post__meta-data\">\n\t\t\t\t\t<span class=\"elementor-post-date\">\n\t\t\t2021-06-09\t\t<\/span>\n\t\t\t\t<\/div>\n\t\t\t\t\t<\/div>\n\t\t<\/article>\n\t\t\t\t<article class=\"elementor-post elementor-grid-item post-2023 post type-post status-publish format-standard has-post-thumbnail hentry category-autorzy-avp category-krystyna-pawlowska\" role=\"listitem\">\n\t\t\t<div class=\"elementor-post__card\">\n\t\t\t\t<a class=\"elementor-post__thumbnail__link\" href=\"https:\/\/arsvitrea.pl\/index.php\/2021\/06\/07\/witraze-krakowskie-w-kamienicach-mieszkalnych-i-obiektach-uzytecznosci-publicznej-z-przelomu-wiek-w-xix-i-xx\/\" tabindex=\"-1\" ><div class=\"elementor-post__thumbnail\"><img loading=\"lazy\" decoding=\"async\" width=\"212\" height=\"300\" src=\"https:\/\/arsvitrea.pl\/wp-content\/uploads\/2021\/06\/witraze-krakowskie-212x300.jpg\" class=\"attachment-medium size-medium wp-image-2025\" alt=\"\" srcset=\"https:\/\/arsvitrea.pl\/wp-content\/uploads\/2021\/06\/witraze-krakowskie-212x300.jpg 212w, https:\/\/arsvitrea.pl\/wp-content\/uploads\/2021\/06\/witraze-krakowskie.jpg 714w\" sizes=\"(max-width: 212px) 100vw, 212px\" \/><\/div><\/a>\n\t\t\t\t<div class=\"elementor-post__badge\">Autorzy AVP<\/div>\n\t\t\t\t<div class=\"elementor-post__text\">\n\t\t\t\t<h4 class=\"elementor-post__title\">\n\t\t\t<a href=\"https:\/\/arsvitrea.pl\/index.php\/2021\/06\/07\/witraze-krakowskie-w-kamienicach-mieszkalnych-i-obiektach-uzytecznosci-publicznej-z-przelomu-wiek-w-xix-i-xx\/\" >\n\t\t\t\tWITRA\u017bE KRAKOWSKIE w kamienicach mieszkalnych i obiektach u\u017cyteczno\u015bci publicznej z prze\u0142omu wiek\u2000w XIX i XX\t\t\t<\/a>\n\t\t<\/h4>\n\t\t\t\t<\/div>\n\t\t\t\t<div class=\"elementor-post__meta-data\">\n\t\t\t\t\t<span class=\"elementor-post-date\">\n\t\t\t2021-06-07\t\t<\/span>\n\t\t\t\t<\/div>\n\t\t\t\t\t<\/div>\n\t\t<\/article>\n\t\t\t\t<article class=\"elementor-post elementor-grid-item post-2018 post type-post status-publish format-standard has-post-thumbnail hentry category-autorzy-avp category-krystyna-pawlowska tag-ars-vitrea-polona tag-krystyna-pawlowska\" role=\"listitem\">\n\t\t\t<div class=\"elementor-post__card\">\n\t\t\t\t<a class=\"elementor-post__thumbnail__link\" href=\"https:\/\/arsvitrea.pl\/index.php\/2021\/06\/07\/sztuka-i-technika-witrazowa-podstawowe-wiadomosci-dla-architektow\/\" tabindex=\"-1\" ><div class=\"elementor-post__thumbnail\"><img loading=\"lazy\" decoding=\"async\" width=\"219\" height=\"300\" src=\"https:\/\/arsvitrea.pl\/wp-content\/uploads\/2021\/06\/sztuka-witrazowa-219x300.jpg\" class=\"attachment-medium size-medium wp-image-2021\" alt=\"\" srcset=\"https:\/\/arsvitrea.pl\/wp-content\/uploads\/2021\/06\/sztuka-witrazowa-219x300.jpg 219w, https:\/\/arsvitrea.pl\/wp-content\/uploads\/2021\/06\/sztuka-witrazowa-747x1024.jpg 747w, https:\/\/arsvitrea.pl\/wp-content\/uploads\/2021\/06\/sztuka-witrazowa-768x1052.jpg 768w, https:\/\/arsvitrea.pl\/wp-content\/uploads\/2021\/06\/sztuka-witrazowa-1121x1536.jpg 1121w, https:\/\/arsvitrea.pl\/wp-content\/uploads\/2021\/06\/sztuka-witrazowa.jpg 1156w\" sizes=\"(max-width: 219px) 100vw, 219px\" \/><\/div><\/a>\n\t\t\t\t<div class=\"elementor-post__badge\">Autorzy AVP<\/div>\n\t\t\t\t<div class=\"elementor-post__text\">\n\t\t\t\t<h4 class=\"elementor-post__title\">\n\t\t\t<a href=\"https:\/\/arsvitrea.pl\/index.php\/2021\/06\/07\/sztuka-i-technika-witrazowa-podstawowe-wiadomosci-dla-architektow\/\" >\n\t\t\t\tSztuka i technika witra\u017cowa &#8211; podstawowe wiadomo\u015bci dla architekt\u00f3w\t\t\t<\/a>\n\t\t<\/h4>\n\t\t\t\t<\/div>\n\t\t\t\t<div class=\"elementor-post__meta-data\">\n\t\t\t\t\t<span class=\"elementor-post-date\">\n\t\t\t2021-06-07\t\t<\/span>\n\t\t\t\t<\/div>\n\t\t\t\t\t<\/div>\n\t\t<\/article>\n\t\t\t\t<article class=\"elementor-post elementor-grid-item post-2028 post type-post status-publish format-standard has-post-thumbnail hentry category-autorzy-avp category-krystyna-pawlowska tag-ars-vitrea-polona tag-krystyna-pawlowska\" role=\"listitem\">\n\t\t\t<div class=\"elementor-post__card\">\n\t\t\t\t<a class=\"elementor-post__thumbnail__link\" href=\"https:\/\/arsvitrea.pl\/index.php\/2021\/06\/05\/dziedzictwo-sztuki-witrazowej-w-polsce\/\" tabindex=\"-1\" ><div class=\"elementor-post__thumbnail\"><img loading=\"lazy\" decoding=\"async\" width=\"206\" height=\"300\" src=\"https:\/\/arsvitrea.pl\/wp-content\/uploads\/2021\/06\/ochrona-zabytkow-206x300.jpg\" class=\"attachment-medium size-medium wp-image-2030\" alt=\"\" srcset=\"https:\/\/arsvitrea.pl\/wp-content\/uploads\/2021\/06\/ochrona-zabytkow-206x300.jpg 206w, https:\/\/arsvitrea.pl\/wp-content\/uploads\/2021\/06\/ochrona-zabytkow-705x1024.jpg 705w, https:\/\/arsvitrea.pl\/wp-content\/uploads\/2021\/06\/ochrona-zabytkow-768x1116.jpg 768w, https:\/\/arsvitrea.pl\/wp-content\/uploads\/2021\/06\/ochrona-zabytkow.jpg 1050w\" sizes=\"(max-width: 206px) 100vw, 206px\" \/><\/div><\/a>\n\t\t\t\t<div class=\"elementor-post__badge\">Autorzy AVP<\/div>\n\t\t\t\t<div class=\"elementor-post__text\">\n\t\t\t\t<h4 class=\"elementor-post__title\">\n\t\t\t<a href=\"https:\/\/arsvitrea.pl\/index.php\/2021\/06\/05\/dziedzictwo-sztuki-witrazowej-w-polsce\/\" >\n\t\t\t\tDziedzictwo sztuki witra\u017cowej w Polsce\t\t\t<\/a>\n\t\t<\/h4>\n\t\t\t\t<\/div>\n\t\t\t\t<div class=\"elementor-post__meta-data\">\n\t\t\t\t\t<span class=\"elementor-post-date\">\n\t\t\t2021-06-05\t\t<\/span>\n\t\t\t\t<\/div>\n\t\t\t\t\t<\/div>\n\t\t<\/article>\n\t\t\t\t<article class=\"elementor-post elementor-grid-item post-2032 post type-post status-publish format-standard has-post-thumbnail hentry category-autorzy-avp category-krystyna-pawlowska tag-ars-vitrea-polona tag-krystyna-pawlowska\" role=\"listitem\">\n\t\t\t<div class=\"elementor-post__card\">\n\t\t\t\t<a class=\"elementor-post__thumbnail__link\" href=\"https:\/\/arsvitrea.pl\/index.php\/2021\/06\/04\/witraze-niewiadomskiego-w-koninie\/\" tabindex=\"-1\" ><div class=\"elementor-post__thumbnail\"><img loading=\"lazy\" decoding=\"async\" width=\"204\" height=\"300\" src=\"https:\/\/arsvitrea.pl\/wp-content\/uploads\/2021\/06\/witraze-niewiadomskiego-204x300.jpg\" class=\"attachment-medium size-medium wp-image-2034\" alt=\"\" srcset=\"https:\/\/arsvitrea.pl\/wp-content\/uploads\/2021\/06\/witraze-niewiadomskiego-204x300.jpg 204w, https:\/\/arsvitrea.pl\/wp-content\/uploads\/2021\/06\/witraze-niewiadomskiego-696x1024.jpg 696w, https:\/\/arsvitrea.pl\/wp-content\/uploads\/2021\/06\/witraze-niewiadomskiego-768x1130.jpg 768w, https:\/\/arsvitrea.pl\/wp-content\/uploads\/2021\/06\/witraze-niewiadomskiego-1044x1536.jpg 1044w, https:\/\/arsvitrea.pl\/wp-content\/uploads\/2021\/06\/witraze-niewiadomskiego.jpg 1134w\" sizes=\"(max-width: 204px) 100vw, 204px\" \/><\/div><\/a>\n\t\t\t\t<div class=\"elementor-post__badge\">Autorzy AVP<\/div>\n\t\t\t\t<div class=\"elementor-post__text\">\n\t\t\t\t<h4 class=\"elementor-post__title\">\n\t\t\t<a href=\"https:\/\/arsvitrea.pl\/index.php\/2021\/06\/04\/witraze-niewiadomskiego-w-koninie\/\" >\n\t\t\t\tWitra\u017ce Niewiadomskiego w Koninie\t\t\t<\/a>\n\t\t<\/h4>\n\t\t\t\t<\/div>\n\t\t\t\t<div class=\"elementor-post__meta-data\">\n\t\t\t\t\t<span class=\"elementor-post-date\">\n\t\t\t2021-06-04\t\t<\/span>\n\t\t\t\t<\/div>\n\t\t\t\t\t<\/div>\n\t\t<\/article>\n\t\t\t\t<\/div>\n\t\t\n\t\t\t\t\t\t<\/div>\n\t\t\t\t<\/div>\n\t\t\t\t<\/div>\n\t\t\t\t<\/div>\n\t\t","protected":false},"excerpt":{"rendered":"","protected":false},"author":1,"featured_media":0,"parent":0,"menu_order":0,"comment_status":"closed","ping_status":"closed","template":"","meta":{"footnotes":""},"class_list":["post-4166","page","type-page","status-publish","hentry"],"_links":{"self":[{"href":"https:\/\/arsvitrea.pl\/index.php\/wp-json\/wp\/v2\/pages\/4166","targetHints":{"allow":["GET"]}}],"collection":[{"href":"https:\/\/arsvitrea.pl\/index.php\/wp-json\/wp\/v2\/pages"}],"about":[{"href":"https:\/\/arsvitrea.pl\/index.php\/wp-json\/wp\/v2\/types\/page"}],"author":[{"embeddable":true,"href":"https:\/\/arsvitrea.pl\/index.php\/wp-json\/wp\/v2\/users\/1"}],"replies":[{"embeddable":true,"href":"https:\/\/arsvitrea.pl\/index.php\/wp-json\/wp\/v2\/comments?post=4166"}],"version-history":[{"count":10,"href":"https:\/\/arsvitrea.pl\/index.php\/wp-json\/wp\/v2\/pages\/4166\/revisions"}],"predecessor-version":[{"id":4519,"href":"https:\/\/arsvitrea.pl\/index.php\/wp-json\/wp\/v2\/pages\/4166\/revisions\/4519"}],"wp:attachment":[{"href":"https:\/\/arsvitrea.pl\/index.php\/wp-json\/wp\/v2\/media?parent=4166"}],"curies":[{"name":"wp","href":"https:\/\/api.w.org\/{rel}","templated":true}]}}