{"id":2676,"date":"2022-04-13T11:03:01","date_gmt":"2022-04-13T10:03:01","guid":{"rendered":"https:\/\/www.stowarzyszenie-witrazy.pl\/?page_id=2676"},"modified":"2022-04-13T11:03:01","modified_gmt":"2022-04-13T10:03:01","slug":"konferencja-stowarzyszenia-milosnikow-witrazy-ars-vitrea-polona-lidzbark-warminski-2022","status":"publish","type":"page","link":"https:\/\/arsvitrea.pl\/index.php\/konferencja-stowarzyszenia-milosnikow-witrazy-ars-vitrea-polona-lidzbark-warminski-2022\/","title":{"rendered":"Konferencja Stowarzyszenia Mi\u0142o\u015bnik\u00f3w Witra\u017cy Ars Vitrea Polona &#8211; Lidzbark Warmi\u0144ski 2022"},"content":{"rendered":"<p>Poni\u017cej na bie\u017c\u0105co uzupe\u0142niane wa\u017cne informacje zwi\u0105zane z konferencj\u0105.<\/p>\n<p>Terminy:<\/p>\n<ul>\n<li>konferencja 27-29 maja 2022.<\/li>\n<li><span style=\"color: #ff0000;\"><strong>wype\u0142nianie formularzy zg\u0142oszeniowych &#8211; 8 maja 2022<\/strong><\/span> (ostateczny termin).<\/li>\n<li><strong><span style=\"color: #ff0000;\">wp\u0142aty<\/span><\/strong> (o ile wybrali\u015bcie takie opcje) &#8211; <span style=\"color: #ff0000;\"><strong>11 maja 2022<\/strong><\/span> (ostateczny termin).<\/li>\n<li><strong>brak formularza lub wp\u0142aty<\/strong> w powy\u017cszych terminach <strong>umo\u017cliwia udzia\u0142 w konferencji<\/strong>, ale wej\u015bcie do Wielkiego Refektarza b\u0119dzie wymaga\u0142o <strong>wykupienia biletu do muzeum<\/strong>.<\/li>\n<\/ul>\n<ol>\n<li><strong><a href=\"https:\/\/www.stowarzyszenie-witrazy.pl\/baza-noclegowa-lidzbark-warminski-propozycje\/\" target=\"_blank\" rel=\"noopener\">Baza noclegowa w Lidzbarku Warmi\u0144skim<\/a><\/strong><\/li>\n<li><strong><a href=\"https:\/\/www.stowarzyszenie-witrazy.pl\/xi-konferencja-plan-wycieczki-2022-05-28\/\" target=\"_blank\" rel=\"noopener\">Program wycieczki w dniu 2022.05.28<\/a><\/strong><\/li>\n<li><strong><a href=\"https:\/\/www.stowarzyszenie-witrazy.pl\/program-konferencji-smw-avp-lidzbark-warminski-2022\/\" target=\"_blank\" rel=\"noopener\">Program konferencji<\/a><\/strong><\/li>\n<li><strong><a href=\"https:\/\/www.stowarzyszenie-witrazy.pl\/regulamin-xi-konferencji\/\" target=\"_blank\" rel=\"noopener\">Regulamin uczestnictwa<\/a><\/strong><\/li>\n<li><strong><a href=\"https:\/\/www.stowarzyszenie-witrazy.pl\/formularz-zgloszeniowy-xi-konferencja-naukowa-smw-avp-lidzbark-warminski-2022\/\" target=\"_blank\" rel=\"noopener\">Formularz zg\u0142oszeniowy<\/a><\/strong><\/li>\n<li><strong><a href=\"https:\/\/www.stowarzyszenie-witrazy.pl\/dojazd-do-lidzbarka-warminskiego\/\">Dojazd do Lidzbarka Warmi\u0144skiego<\/a><\/strong><\/li>\n<\/ol>\n\n\n<figure class=\"wp-block-image size-full\"><img fetchpriority=\"high\" decoding=\"async\" width=\"1024\" height=\"768\" src=\"http:\/\/arsvitrea.pl\/wp-content\/uploads\/2022\/05\/3ABF095C-720A-42D9-8623-6DF629F41383-rotated-1.jpeg\" alt=\"\" class=\"wp-image-3745\" srcset=\"https:\/\/arsvitrea.pl\/wp-content\/uploads\/2022\/05\/3ABF095C-720A-42D9-8623-6DF629F41383-rotated-1.jpeg 1024w, https:\/\/arsvitrea.pl\/wp-content\/uploads\/2022\/05\/3ABF095C-720A-42D9-8623-6DF629F41383-rotated-1-300x225.jpeg 300w, https:\/\/arsvitrea.pl\/wp-content\/uploads\/2022\/05\/3ABF095C-720A-42D9-8623-6DF629F41383-rotated-1-768x576.jpeg 768w\" sizes=\"(max-width: 1024px) 100vw, 1024px\" \/><\/figure>\n","protected":false},"excerpt":{"rendered":"<p>Poni\u017cej na bie\u017c\u0105co uzupe\u0142niane wa\u017cne informacje zwi\u0105zane z konferencj\u0105. Terminy: konferencja 27-29 maja 2022. wype\u0142nianie formularzy zg\u0142oszeniowych &#8211; 8 maja 2022 (ostateczny termin). wp\u0142aty (o ile wybrali\u015bcie takie opcje) &#8211; 11 maja 2022 (ostateczny termin). brak formularza lub wp\u0142aty w powy\u017cszych terminach umo\u017cliwia udzia\u0142 w konferencji, ale wej\u015bcie do Wielkiego Refektarza b\u0119dzie wymaga\u0142o wykupienia biletu [&hellip;]<\/p>\n","protected":false},"author":1,"featured_media":0,"parent":0,"menu_order":0,"comment_status":"closed","ping_status":"closed","template":"","meta":{"footnotes":""},"class_list":["post-2676","page","type-page","status-publish","hentry"],"_links":{"self":[{"href":"https:\/\/arsvitrea.pl\/index.php\/wp-json\/wp\/v2\/pages\/2676","targetHints":{"allow":["GET"]}}],"collection":[{"href":"https:\/\/arsvitrea.pl\/index.php\/wp-json\/wp\/v2\/pages"}],"about":[{"href":"https:\/\/arsvitrea.pl\/index.php\/wp-json\/wp\/v2\/types\/page"}],"author":[{"embeddable":true,"href":"https:\/\/arsvitrea.pl\/index.php\/wp-json\/wp\/v2\/users\/1"}],"replies":[{"embeddable":true,"href":"https:\/\/arsvitrea.pl\/index.php\/wp-json\/wp\/v2\/comments?post=2676"}],"version-history":[{"count":0,"href":"https:\/\/arsvitrea.pl\/index.php\/wp-json\/wp\/v2\/pages\/2676\/revisions"}],"wp:attachment":[{"href":"https:\/\/arsvitrea.pl\/index.php\/wp-json\/wp\/v2\/media?parent=2676"}],"curies":[{"name":"wp","href":"https:\/\/api.w.org\/{rel}","templated":true}]}}