{"id":1351,"date":"2017-03-19T22:42:17","date_gmt":"2017-03-19T21:42:17","guid":{"rendered":"http:\/\/www.stowarzyszenie-witrazy.pl\/?page_id=1351"},"modified":"2017-03-19T22:42:17","modified_gmt":"2017-03-19T21:42:17","slug":"sponsorzy","status":"publish","type":"page","link":"https:\/\/arsvitrea.pl\/index.php\/sponsorzy\/","title":{"rendered":"Sponsorzy"},"content":{"rendered":"<p>Szereg przedsi\u0119wzi\u0119\u0107 mogli\u015bmy podj\u0105\u0107 dzi\u0119ki wsparciu finansowemu udzielonemu przez Darczy\u0144c\u00f3w:<\/p>\n<ul>\n<li>Ministerstwo Kultury i Dziedzictwa Narodowego<\/li>\n<li>Urz\u0105d Miejski Wroc\u0142awia. Wydzia\u0142 Kultury<\/li>\n<li>Pismo \u201eRenowacje\u201d<\/li>\n<li>Firma \u201eAC Konserwacja Zabytk\u00f3w\u201d Aleksander Piotrowski i Edward Kosakowski, Krak\u00f3w<\/li>\n<li>Firma \u201eProdukcja-Us\u0142ugi\u201d Romana Bobickiego, Krak\u00f3w<\/li>\n<li>Firma budowlano-konserwatorska \u201eANTIS\u201d Mariana \u0106wi\u0119czka, Krak\u00f3w<\/li>\n<li>Firma budowlano-monta\u017cowa \u201eMiechowianka\u201d, Miech\u00f3w<\/li>\n<li>ICN POLFA S.A. z siedzib\u0105 w Rzeszowie<\/li>\n<li>DIAMOND SKY &#8211; Lisiewski Group, salon firmowy w Krakowie<\/li>\n<li>Piekarnia-Cukiernia ZABOROWSCY z Kaszowa, sklep firmowy w Krakowie<\/li>\n<li>oraz osoby prywatne: p. Zbigniew Brzezi\u0144ski, p. Ewa Cempla-Dziado\u0144, p. Barbara Ciciora-Czw\u00f3rn\u00f3g, p. Marcin Czeski, p. Les\u0142aw Heine, p. Andrzej Hibner, p. Bo\u017cena Jawie\u0144, p. Piotr Kleszczy\u0144ski, p. Anna Korczy\u0144ska, p. Kazimierz Tadeusz Nietupski, p. Krystyna Paw\u0142owska, p. Andrzej Petri, p. Ma\u0142gorzata Reinhard-Chlanda, p. Andrzej Skalski, p. Gra\u017cyna Sta\u0144czak.<\/li>\n<\/ul>\n<p>Podzi\u0119kowaniem by\u0142a stosowna informacja umieszczona na kartach naszych ksi\u0105\u017cek, materia\u0142\u00f3w konferencyjnych oraz w salach obrad.<\/p>\n<p>Mamy nadziej\u0119, \u017ce kolejne plany zrealizujemy przy pomocy instytucji, firm i os\u00f3b prywatnych, kt\u00f3rym bliskie jest pi\u0119kno witra\u017cu &#8211; przed nami wydanie materia\u0142\u00f3w z konferencji, kt\u00f3ra odby\u0142a si\u0119 w tym roku w Rzeszowie.<\/p>\n<p>Jeste\u015bmy wdzi\u0119czni za ka\u017cd\u0105 pomoc; niewielka kwota dla dobrze prosperuj\u0105cej firmy mo\u017ce by\u0107 zbawienna dla Stowarzyszenia, kt\u00f3rego skromny bud\u017cet tworz\u0105 sk\u0142adki cz\u0142onkowskie.<\/p>\n<p>Czekamy z nadziej\u0105 &#8230;.<\/p>\n<p>&nbsp;<\/p>\n","protected":false},"excerpt":{"rendered":"<p>Szereg przedsi\u0119wzi\u0119\u0107 mogli\u015bmy podj\u0105\u0107 dzi\u0119ki wsparciu finansowemu udzielonemu przez Darczy\u0144c\u00f3w: Ministerstwo Kultury i Dziedzictwa Narodowego Urz\u0105d Miejski Wroc\u0142awia. Wydzia\u0142 Kultury Pismo \u201eRenowacje\u201d Firma \u201eAC Konserwacja Zabytk\u00f3w\u201d Aleksander Piotrowski i Edward Kosakowski, Krak\u00f3w Firma \u201eProdukcja-Us\u0142ugi\u201d Romana Bobickiego, Krak\u00f3w Firma budowlano-konserwatorska \u201eANTIS\u201d Mariana \u0106wi\u0119czka, Krak\u00f3w Firma budowlano-monta\u017cowa \u201eMiechowianka\u201d, Miech\u00f3w ICN POLFA S.A. z siedzib\u0105 w Rzeszowie DIAMOND [&hellip;]<\/p>\n","protected":false},"author":1,"featured_media":0,"parent":0,"menu_order":0,"comment_status":"closed","ping_status":"closed","template":"","meta":{"footnotes":""},"class_list":["post-1351","page","type-page","status-publish","hentry"],"_links":{"self":[{"href":"https:\/\/arsvitrea.pl\/index.php\/wp-json\/wp\/v2\/pages\/1351","targetHints":{"allow":["GET"]}}],"collection":[{"href":"https:\/\/arsvitrea.pl\/index.php\/wp-json\/wp\/v2\/pages"}],"about":[{"href":"https:\/\/arsvitrea.pl\/index.php\/wp-json\/wp\/v2\/types\/page"}],"author":[{"embeddable":true,"href":"https:\/\/arsvitrea.pl\/index.php\/wp-json\/wp\/v2\/users\/1"}],"replies":[{"embeddable":true,"href":"https:\/\/arsvitrea.pl\/index.php\/wp-json\/wp\/v2\/comments?post=1351"}],"version-history":[{"count":0,"href":"https:\/\/arsvitrea.pl\/index.php\/wp-json\/wp\/v2\/pages\/1351\/revisions"}],"wp:attachment":[{"href":"https:\/\/arsvitrea.pl\/index.php\/wp-json\/wp\/v2\/media?parent=1351"}],"curies":[{"name":"wp","href":"https:\/\/api.w.org\/{rel}","templated":true}]}}