{"id":1114,"date":"2016-11-11T22:35:38","date_gmt":"2016-11-11T21:35:38","guid":{"rendered":"http:\/\/www.stowarzyszenie-witrazy.pl\/?page_id=1114"},"modified":"2024-04-17T20:26:57","modified_gmt":"2024-04-17T20:26:57","slug":"wladze-avp","status":"publish","type":"page","link":"https:\/\/arsvitrea.pl\/index.php\/wladze-avp\/","title":{"rendered":"W\u0142adze AVP"},"content":{"rendered":"\t\t<div data-elementor-type=\"wp-page\" data-elementor-id=\"1114\" class=\"elementor elementor-1114\" data-elementor-post-type=\"page\">\n\t\t\t\t<div class=\"elementor-element elementor-element-78583336 e-flex e-con-boxed e-con e-parent\" data-id=\"78583336\" data-element_type=\"container\" data-e-type=\"container\">\n\t\t\t\t\t<div class=\"e-con-inner\">\n\t\t\t\t<div class=\"elementor-element elementor-element-3b34c8c elementor-widget elementor-widget-text-editor\" data-id=\"3b34c8c\" data-element_type=\"widget\" data-e-type=\"widget\" data-settings=\"{&quot;ekit_we_effect_on&quot;:&quot;none&quot;}\" data-widget_type=\"text-editor.default\">\n\t\t\t\t<div class=\"elementor-widget-container\">\n\t\t\t\t\t\t\t\t\t<h3><strong>Zarz\u0105d Stowarzyszenia Mi\u0142o\u015bnik\u00f3w Witra\u017cy<\/strong><\/h3>\n<ul>\n \t<li><strong>Andrzej Bochacz<\/strong> &#8211; PREZES<\/li>\n \t<li><strong>Beata Fekecz-Tomaszewska<\/strong> &#8211; WICEPREZES<\/li>\n \t<li><strong>Magda \u0141awicka<\/strong> &#8211; SEKRETARZ<\/li>\n \t<li><strong>Urszula M\u0142ynarczyk<\/strong> &#8211; SKARBNIK<\/li>\n \t<li><strong>Zbigniew Brzezi\u0144ski<\/strong> \u2013 CZ\u0141ONEK ZARZ\u0104DU<\/li>\n \t<li><strong>Irena Kontny<\/strong> &#8211; CZ\u0141ONEK ZARZ\u0104DU<\/li>\n<\/ul>\n<h3><strong>Komisja Rewizyjna<\/strong><\/h3>\n<ul>\n \t<li><strong>Ma\u0142gorzata Biela<\/strong><\/li>\n \t<li><strong>Gra\u017cyna Sta\u0144czak<\/strong><\/li>\n \t<li><strong>Marcin Czeski<\/strong><\/li>\n<\/ul>\n<em><strong>Data dokonania wpisu w Krajowym Rejestrze S\u0105dowym &#8211; 2022.06.24<\/strong><\/em>\t\t\t\t\t\t\t\t<\/div>\n\t\t\t\t<\/div>\n\t\t\t\t\t<\/div>\n\t\t\t\t<\/div>\n\t\t\t\t<\/div>\n\t\t","protected":false},"excerpt":{"rendered":"<p>Zarz\u0105d Stowarzyszenia Mi\u0142o\u015bnik\u00f3w Witra\u017cy Andrzej Bochacz &#8211; PREZES Beata Fekecz-Tomaszewska &#8211; WICEPREZES Magda \u0141awicka &#8211; SEKRETARZ Urszula M\u0142ynarczyk &#8211; SKARBNIK Zbigniew Brzezi\u0144ski \u2013 CZ\u0141ONEK ZARZ\u0104DU Irena Kontny &#8211; CZ\u0141ONEK ZARZ\u0104DU Komisja Rewizyjna Ma\u0142gorzata Biela Gra\u017cyna Sta\u0144czak Marcin Czeski Data dokonania wpisu w Krajowym Rejestrze S\u0105dowym &#8211; 2022.06.24<\/p>\n","protected":false},"author":1,"featured_media":0,"parent":0,"menu_order":0,"comment_status":"closed","ping_status":"closed","template":"elementor_theme","meta":{"footnotes":""},"class_list":["post-1114","page","type-page","status-publish","hentry"],"_links":{"self":[{"href":"https:\/\/arsvitrea.pl\/index.php\/wp-json\/wp\/v2\/pages\/1114","targetHints":{"allow":["GET"]}}],"collection":[{"href":"https:\/\/arsvitrea.pl\/index.php\/wp-json\/wp\/v2\/pages"}],"about":[{"href":"https:\/\/arsvitrea.pl\/index.php\/wp-json\/wp\/v2\/types\/page"}],"author":[{"embeddable":true,"href":"https:\/\/arsvitrea.pl\/index.php\/wp-json\/wp\/v2\/users\/1"}],"replies":[{"embeddable":true,"href":"https:\/\/arsvitrea.pl\/index.php\/wp-json\/wp\/v2\/comments?post=1114"}],"version-history":[{"count":4,"href":"https:\/\/arsvitrea.pl\/index.php\/wp-json\/wp\/v2\/pages\/1114\/revisions"}],"predecessor-version":[{"id":4193,"href":"https:\/\/arsvitrea.pl\/index.php\/wp-json\/wp\/v2\/pages\/1114\/revisions\/4193"}],"wp:attachment":[{"href":"https:\/\/arsvitrea.pl\/index.php\/wp-json\/wp\/v2\/media?parent=1114"}],"curies":[{"name":"wp","href":"https:\/\/api.w.org\/{rel}","templated":true}]}}

Władze AVP

<div data-elementor-type="wp-page" data-elementor-id="1114" class="elementor elementor-1114" data-elementor-post-type="page">
				<div class="elementor-element elementor-element-78583336 e-flex e-con-boxed e-con e-parent" data-id="78583336" data-element_type="container" data-e-type="container">
					<div class="e-con-inner">
				<div class="elementor-element elementor-element-3b34c8c elementor-widget elementor-widget-text-editor" data-id="3b34c8c" data-element_type="widget" data-e-type="widget" data-settings="{&quot;ekit_we_effect_on&quot;:&quot;none&quot;}" data-widget_type="text-editor.default">
				<div class="elementor-widget-container">
									<h3><strong>Zarząd Stowarzyszenia Miłośników Witraży</strong></h3>
<ul>
 	<li><strong>Andrzej Bochacz</strong> &#8211; PREZES</li>
 	<li><strong>Beata Fekecz-Tomaszewska</strong> &#8211; WICEPREZES</li>
 	<li><strong>Magda Ławicka</strong> &#8211; SEKRETARZ</li>
 	<li><strong>Urszula Młynarczyk</strong> &#8211; SKARBNIK</li>
 	<li><strong>Zbigniew Brzeziński</strong> – CZŁONEK ZARZĄDU</li>
 	<li><strong>Irena Kontny</strong> &#8211; CZŁONEK ZARZĄDU</li>
</ul>
<h3><strong>Komisja Rewizyjna</strong></h3>
<ul>
 	<li><strong>Małgorzata Biela</strong></li>
 	<li><strong>Grażyna Stańczak</strong></li>
 	<li><strong>Marcin Czeski</strong></li>
</ul>
<em><strong>Data dokonania wpisu w Krajowym Rejestrze Sądowym &#8211; 2022.06.24</strong></em>								</div>
				</div>
					</div>
				</div>
				</div>

<p>Zarząd Stowarzyszenia Miłośników Witraży Andrzej Bochacz &#8211; PREZES Beata Fekecz-Tomaszewska &#8211; WICEPREZES Magda Ławicka &#8211; SEKRETARZ Urszula Młynarczyk &#8211; SKARBNIK Zbigniew Brzeziński – CZŁONEK ZARZĄDU Irena Kontny &#8211; CZŁONEK ZARZĄDU Komisja Rewizyjna Małgorzata Biela Grażyna Stańczak Marcin Czeski Data dokonania wpisu w Krajowym Rejestrze Sądowym &#8211; 2022.06.24</p>
